ase 12, what is 15 + -3870?
-3857
In base 5, what is 1 + -4334402?
-4334401
In base 5, what is 42 - -34241?
34333
In base 3, what is 10 - 1210110000012?
-1210110000002
In base 6, what is -312351 - -2?
-312345
In base 2, what is 1 + 1010111110110?
1010111110111
In base 8, what is 2233 - 373?
1640
In base 7, what is 401 + -352?
16
In base 12, what is -2 + 83346?
83344
In base 6, what is 14 + -4132352?
-4132334
In base 11, what is 2979 - -11?
298a
In base 12, what is 169 + -2275?
-2108
In base 2, what is 11 + 10101101000010111?
10101101000011010
In base 15, what is -d17 + -246?
-105d
In base 15, what is -186 - 386?
-51c
In base 5, what is 112 - 21313?
-21201
In base 7, what is 61 - -22245?
22336
In base 16, what is 7 - -370d5?
370dc
In base 16, what is 543a + 89?
54c3
In base 15, what is 4 + -185e?
-185a
In base 9, what is 476 + 23?
510
In base 10, what is -185 + 237?
52
In base 14, what is -24a - -1?
-249
In base 12, what is -718719 - 3?
-718720
In base 7, what is 2 - 106365?
-106363
In base 12, what is -1639 + 0?
-1639
In base 16, what is 71 - -1fd?
26e
In base 4, what is 311 - -130202?
131113
In base 16, what is -141f + 12?
-140d
In base 3, what is -20221211101 - -12?
-20221211012
In base 5, what is -3011221 - 20?
-3011241
In base 13, what is -23 - -4373?
4350
In base 14, what is -2c1 - -2a9?
-16
In base 10, what is 38 - 55109?
-55071
In base 2, what is -101111111111111101 - -11?
-101111111111111010
In base 6, what is 31451 + -50?
31401
In base 5, what is 12300 - 4?
12241
In base 15, what is 354 + 3a7?
70b
In base 6, what is -220253 + -14?
-220311
In base 12, what is -1 + -2118?
-2119
In base 7, what is 1620 + -245?
1342
In base 9, what is -4 + -24057?
-24062
In base 3, what is 2202 + 22101011?
22110220
In base 5, what is 133 + -40043?
-34410
In base 14, what is 4 + -b6a5?
-b6a1
In base 4, what is -1003211231 + -11?
-1003211302
In base 13, what is 3c - 51a6?
-5167
In base 16, what is 5d7 + 89?
660
In base 11, what is -17a264 - 1?
-17a265
In base 7, what is 0 + -1112420?
-1112420
In base 8, what is -45 + -45?
-112
In base 7, what is -2503 + -21?
-2524
In base 8, what is 0 - -36271?
36271
In base 7, what is 3 - -12226?
12232
In base 5, what is 3230413 + 1?
3230414
In base 16, what is -3 - -158b?
1588
In base 5, what is -303423 - 10?
-303433
In base 9, what is -5 - 885?
-1001
In base 4, what is 23203 - 1003?
22200
In base 13, what is 1 + -2304ca?
-2304c9
In base 5, what is 223120142 + 1?
223120143
In base 2, what is 11100 - 11001100?
-10110000
In base 11, what is -17265 + 1?
-17264
In base 4, what is 103 + 1220?
1323
In base 5, what is 4 + -323000?
-322441
In base 12, what is 9 + 830?
839
In base 2, what is 1100 + -1110001111111011010?
-1110001111111001110
In base 16, what is 5 - 79f8?
-79f3
In base 4, what is 212101130 - 3?
212101121
In base 2, what is -11 + 1111000011110011?
1111000011110000
In base 2, what is -100 - 101001000111?
-101001001011
In base 6, what is 10413 - -3051?
13504
In base 13, what is -a68a + 4b?
-a63c
In base 14, what is -1 - -29b4?
29b3
In base 10, what is -34 - -1654?
1620
In base 6, what is 2043522 + 1?
2043523
In base 5, what is 320133 + -1?
320132
In base 10, what is 37931 + 6?
37937
In base 12, what is -618 - -2683?
2067
In base 15, what is d36 + -66?
cc0
In base 9, what is 103 - -2576?
2680
In base 3, what is -201012 + 101200?
-22112
In base 7, what is -122144 + 2?
-122142
In base 7, what is -13 + -243261?
-243304
In base 13, what is 3 + 81164?
81167
In base 5, what is 0 - -2211401?
2211401
In base 12, what is -4a35a7 + 4?
-4a35a3
In base 14, what is -a + 9b8?
9ac
In base 3, what is 1000011221 + 10?
1000012001
In base 16, what is 33d - -25?
362
In base 6, what is -54 + 53240?
53142
In base 2, what is 100101 + -11000101100101?
-11000101000000
In base 6, what is -210 - -314032?
313422
In base 6, what is 4 - 304444?
-304440
In base 5, what is 2414 - 12342?
-4423
In base 2, what is -101001011110100101001 + -100?
-101001011110100101101
In base 9, what is 2 + 102044?
102046
In base 11, what is 2197 + 21?
2208
In base 5, what is -10144344 + 31?
-10144313
In base 4, what is 303 - 102203?
-101300
In base 13, what is -82 + -1269?
-131b
In base 11, what is 9016 - 0?
9016
In base 12, what is -183 + a42?
87b
In base 3, what is 1 + 2221021000?
2221021001
In base 9, what is -4 + -47707?
-47712
In base 12, what is 2 + -8213b?
-82139
In base 13, what is 4 - -a36c?
a373
In base 4, what is 123313322 - -1?
123313323
In base 5, what is -1212 - 3234?
-10001
In base 7, what is 1451 - -13303?
15054
In base 12, what is -a659 + 3?
-a656
In base 5, what is -1121212 - -4?
-1121203
In base 2, what is 10110100 - -100110110111?
101001101011
In base 14, what is -5 - -39a9b?
39a96
In base 7, what is -1026252 - -5?
-1026244
In base 11, what is 0 + -5446a2?
-5446a2
In base 14, what is -8 - -2d195?
2d18b
In base 15, what is 1cb - -11?
1dc
In base 15, what is 5 - -75e?
764
In base 5, what is -1103 + 20113?
14010
In base 12, what is -42945b + -2?
-429461
In base 16, what is 41b + b4?
4cf
In base 15, what is -7 - 65cbc?
-65cc4
In base 11, what is 11810 + 44?
11854
In base 8, what is 340 - 230?
110
In base 14, what is -28ac1 - -1?
-28ac0
In base 2, what is -1101011000 - 11010111?
-10000101111
In base 6, what is -1542245 + -4?
-1542253
In base 14, what is 71a29b + -4?
71a297
In base 4, what is 10 - 11022232?
-11022222
In base 2, what is 101000010010110000101 + 10?
101000010010110000111
In base 13, what is 5 - -2118?
2120
In base 3, what is 20001 - 22?
12202
In base 11, what is 1 + -3455a?
-34559
In base 11, what is -2a4528 + 4?
-2a4524
In base 5, what is -110244321 + 1?
-110244320
In base 15, what is 8e7 - 48?
89e
In base 15, what is -7e8 + -6?
-7ee
In base 11, what is 7aa32 + -4?
7aa29
In base 4, what is 1223 - 123221?
-121332
In base 14, what is -1 + 9a186?
9a185
In base 10, what is 120808 + -12?
120796
In base 12, what is -b4 + 113a?
1046
In base 5, what is -10 - 2031002?
-2031012
In base 15, what is 190 - ac?
d3
In base 3, what is 2222 + -11110100?
-11100101
In base 2, what is -110011101110110 + 11?
-110011101110011
In base 5, what is -234402 + 44?
-234303
In base 3, what is 11202202 + 2?
11202211
In base 10, what is -3404 + -1?
-3405
In base 8, what is 243 + 7162?
7425
In base 5, what is 3 + 402402321?
402402324
In base 10, what is -546 + -3021?
-3567
In base 4, what is -2 + -300331?
-300333
In base 2, what is 110001 - -100001011?
100111100
In base 5, what is 3 + -4312314?
-4312311
In base 11, what is -76772 + 0?
-76772
In base 11, what is 18562 - 18?
18545
In base 9, what is 382614 - 5?
382608
In base 2, what is -1101001101101 - -10101?
-1101001011000
In base 6, what is 453 + -50553?
-50100
In base 3, what is 212121100 + 2?
212121102
In base 12, what is 72b8 + -3?
72b5
In base 6, what is -1 - -2554304?
2554303
In base 12, what is 0 - 163a8?
-163a8
In base 11, what is 1229 - -1618?
2846
In base 16, what is -2 + -2d65?
-2d67
In base 10, what is 2878 - -4?
2882
In base 10, what is 1484 - -128?
1612
In base 10, what is 5 - -4528?
4533
In base 15, what is -365e + -4d?
-36ac
In base 8, what is -512 - -25?
-465
In base 14, what is -25208 - 13?
-2521b
In base 11, what is -1 - 2576?
-2577
In base 10, what is 1866 - -291?
2157
In base 16, what is 2f7c - -19?
2f95
In base 10, what is 4 - -106093?
106097
In base 11, what is -11 + -6406?
-6417
In base 4, what is 23 + 102012002?
102012031
In base 13, what is -387 - 394?
-74b
In base 8, what is 235505 + -2?
235503
In base 9, what is -131354 + 1?
-131353
In base 2, what is -11110011010110 - -1111?
-11110011000111
In base 2, what is -11011111 - -10111110101?
10100010110
In base 15, what is -1851c + 3?
-18519
In base 16, what is 4107f - -4?
41083
In base 12, what is 3b7 + 12?
409
In base 5, what is 1 - 430402?
-430401
In base 9, what is -565 - 4577?
-5253
In base 7, what is -421 + 25120?
24366
In base 10, what is -17 + -31312?
-31329
In base 12, what is 16467 + 5?
16470
In base 10, what is -72093 - -7?
-72086
In base 11, what is -1 - 2043?
-2044
In base 13, what is 1510 + 8?
1518
In base 16, what is 6d257 + 4?
6d25b
In base 5, what is -103022031 + 4?
-103022022
In base 5, what is 1 - -403341?
403342
In base 7, what is 11511 + 646?
12460
In base 14, what is -11c992 - 4?
-11c996
In base 8, what is 1404 + -1525?
-121
